{"id":5,"date":"2016-10-21T21:55:32","date_gmt":"2016-10-21T23:55:32","guid":{"rendered":"http:\/\/noz.digital\/cremapet\/?page_id=5"},"modified":"2025-06-24T12:41:38","modified_gmt":"2025-06-24T15:41:38","slug":"pagina-inicial-cremapet","status":"publish","type":"page","link":"https:\/\/www.cortelpet.com.br\/","title":{"rendered":"Home"},"content":{"rendered":"<h2>Bem-Vindos ao Cortel Pet<\/h2>\n<p><strong>NINGU\u00c9M FALA MAIS A LINGUAGEM DA INCLUS\u00c3O DO QUE OS NOSSOS PETS. ELES T\u00caM UM OLHAR \u00daNICO E CARINHOSO PARA TODOS.<\/strong><\/p>\n<p>A Cortel Pet \u00e9 o primeiro cremat\u00f3rio de animais de Porto Alegre. Toda estrutura de servi\u00e7os e atendimento buscam proporcionar uma despedida digna para os bichinhos de estima\u00e7\u00e3o. Por isso, todo esse delicado processo \u00e9 tratado com muito cuidado, dignidade e respeito.<\/p>\n\n\n\n","protected":false},"excerpt":{"rendered":"<p>Bem-Vindos ao Cortel Pet NINGU&Eacute;M FALA MAIS A LINGUAGEM DA INCLUS&Atilde;O DO QUE OS NOSSOS PETS. ELES T&Ecirc;M UM OLHAR &Uacute;NICO E CARINHOSO PARA TODOS. A Cortel Pet &eacute; o primeiro cremat&oacute;rio de animais de Porto Alegre. Toda estrutura de servi&ccedil;os e atendimento buscam proporcionar uma despedida digna para os bichinhos de estima&ccedil;&atilde;o. Por isso,&#8230;  <a class=\"excerpt-read-more\" href=\"https:\/\/www.cortelpet.com.br\/\" title=\"Read Home\">Leia mais &raquo;<\/a><\/p>\n","protected":false},"author":1,"featured_media":0,"parent":0,"menu_order":0,"comment_status":"closed","ping_status":"closed","template":"page-home.php","meta":{"footnotes":""},"class_list":["post-5","page","type-page","status-publish","hentry"],"_links":{"self":[{"href":"https:\/\/www.cortelpet.com.br\/index.php?rest_route=\/wp\/v2\/pages\/5","targetHints":{"allow":["GET"]}}],"collection":[{"href":"https:\/\/www.cortelpet.com.br\/index.php?rest_route=\/wp\/v2\/pages"}],"about":[{"href":"https:\/\/www.cortelpet.com.br\/index.php?rest_route=\/wp\/v2\/types\/page"}],"author":[{"embeddable":true,"href":"https:\/\/www.cortelpet.com.br\/index.php?rest_route=\/wp\/v2\/users\/1"}],"replies":[{"embeddable":true,"href":"https:\/\/www.cortelpet.com.br\/index.php?rest_route=%2Fwp%2Fv2%2Fcomments&post=5"}],"version-history":[{"count":23,"href":"https:\/\/www.cortelpet.com.br\/index.php?rest_route=\/wp\/v2\/pages\/5\/revisions"}],"predecessor-version":[{"id":1923,"href":"https:\/\/www.cortelpet.com.br\/index.php?rest_route=\/wp\/v2\/pages\/5\/revisions\/1923"}],"wp:attachment":[{"href":"https:\/\/www.cortelpet.com.br\/index.php?rest_route=%2Fwp%2Fv2%2Fmedia&parent=5"}],"curies":[{"name":"wp","href":"https:\/\/api.w.org\/{rel}","templated":true}]}}