{"id":7,"date":"2016-10-21T21:55:49","date_gmt":"2016-10-21T23:55:49","guid":{"rendered":"http:\/\/noz.digital\/cremapet\/?page_id=7"},"modified":"2026-02-11T11:19:03","modified_gmt":"2026-02-11T14:19:03","slug":"sobre-o-cremapet","status":"publish","type":"page","link":"https:\/\/www.cortelpet.com.br\/?page_id=7","title":{"rendered":"Sobre a Cortel Pet"},"content":{"rendered":"<p>A<strong> Cortel<\/strong> busca sempre inovar e atender aos novos padr\u00f5es de conviv\u00eancia das fam\u00edlias brasileiras. Desta busca, trouxe o Cortel Pet, um servi\u00e7o voltado aos pets, oferecendo uma despedida digna, uma demonstra\u00e7\u00e3o de carinho e respeito para aqueles que s\u00e3o mais que pet, s\u00e3o membros da fam\u00edlia.<\/p>\n<p>Oferecemos solu\u00e7\u00f5es completas para preservar a mem\u00f3ria e celebrar a vida de quem estar\u00e1 para sempre em nossos cora\u00e7\u00f5es.<\/p>\n<p>Somente uma empresa com mais de 60 anos de atua\u00e7\u00e3o, com uma hist\u00f3ria marcada tanto pela criatividade e inova\u00e7\u00e3o, quanto pelo absoluto cuidado com os sentimentos e as expectativas das pessoas poderia buscar mais esta alternativa de servi\u00e7o.<\/p>\n<p><strong>A Cortel Pet atende as cidades de Porto Alegre, Canoas, Gravata\u00ed, Cachoeirinha, Novo Hamburgo, Esteio, Alvorada, Viam\u00e3o, S\u00e3o Leopoldo, Sapucaia do Sul, Eldorado do Sul, Gua\u00edba, Ivoti e Est\u00e2ncia Velha.<\/strong><\/p>\n<p><strong>Atendimento presencial na unidade Oscar Pereira de Porto Alegre.<\/strong><\/p>\n\n","protected":false},"excerpt":{"rendered":"<p>A Cortel busca sempre inovar e atender aos novos padr&otilde;es de conviv&ecirc;ncia das fam&iacute;lias brasileiras. Desta busca, trouxe o Cortel Pet, um servi&ccedil;o voltado aos pets, oferecendo uma despedida digna, uma demonstra&ccedil;&atilde;o de carinho e respeito para aqueles que s&atilde;o mais que pet, s&atilde;o membros da fam&iacute;lia. Oferecemos solu&ccedil;&otilde;es completas para preservar a mem&oacute;ria e&#8230;  <a class=\"excerpt-read-more\" href=\"https:\/\/www.cortelpet.com.br\/?page_id=7\" title=\"Read Sobre a Cortel Pet\">Leia mais &raquo;<\/a><\/p>\n","protected":false},"author":1,"featured_media":486,"parent":0,"menu_order":0,"comment_status":"closed","ping_status":"closed","template":"","meta":{"footnotes":""},"class_list":["post-7","page","type-page","status-publish","has-post-thumbnail","hentry"],"_links":{"self":[{"href":"https:\/\/www.cortelpet.com.br\/index.php?rest_route=\/wp\/v2\/pages\/7","targetHints":{"allow":["GET"]}}],"collection":[{"href":"https:\/\/www.cortelpet.com.br\/index.php?rest_route=\/wp\/v2\/pages"}],"about":[{"href":"https:\/\/www.cortelpet.com.br\/index.php?rest_route=\/wp\/v2\/types\/page"}],"author":[{"embeddable":true,"href":"https:\/\/www.cortelpet.com.br\/index.php?rest_route=\/wp\/v2\/users\/1"}],"replies":[{"embeddable":true,"href":"https:\/\/www.cortelpet.com.br\/index.php?rest_route=%2Fwp%2Fv2%2Fcomments&post=7"}],"version-history":[{"count":25,"href":"https:\/\/www.cortelpet.com.br\/index.php?rest_route=\/wp\/v2\/pages\/7\/revisions"}],"predecessor-version":[{"id":1955,"href":"https:\/\/www.cortelpet.com.br\/index.php?rest_route=\/wp\/v2\/pages\/7\/revisions\/1955"}],"wp:featuredmedia":[{"embeddable":true,"href":"https:\/\/www.cortelpet.com.br\/index.php?rest_route=\/wp\/v2\/media\/486"}],"wp:attachment":[{"href":"https:\/\/www.cortelpet.com.br\/index.php?rest_route=%2Fwp%2Fv2%2Fmedia&parent=7"}],"curies":[{"name":"wp","href":"https:\/\/api.w.org\/{rel}","templated":true}]}}